{"id":969,"date":"2024-05-05T21:53:44","date_gmt":"2024-05-05T21:53:44","guid":{"rendered":"https:\/\/pemaejetes.org.al\/?page_id=969"},"modified":"2024-05-05T22:04:01","modified_gmt":"2024-05-05T22:04:01","slug":"evente","status":"publish","type":"page","link":"http:\/\/pemaejetes.org.al\/index.php\/evente\/","title":{"rendered":"Evente"},"content":{"rendered":"\t\t<div data-elementor-type=\"wp-page\" data-elementor-id=\"969\" class=\"elementor elementor-969\">\n\t\t\t\t<div class=\"elementor-element elementor-element-40a2738 e-con-full e-flex e-con e-parent\" data-id=\"40a2738\" data-element_type=\"container\" data-settings=\"{&quot;background_background&quot;:&quot;classic&quot;,&quot;_ha_eqh_enable&quot;:false}\" data-core-v316-plus=\"true\">\n\t\t\t\t<div class=\"elementor-element elementor-element-5dd937a elementor-widget elementor-widget-heading\" data-id=\"5dd937a\" data-element_type=\"widget\" data-widget_type=\"heading.default\">\n\t\t\t\t<div class=\"elementor-widget-container\">\n\t\t\t<style>\/*! elementor - v3.20.0 - 26-03-2024 *\/\n.elementor-heading-title{padding:0;margin:0;line-height:1}.elementor-widget-heading .elementor-heading-title[class*=elementor-size-]>a{color:inherit;font-size:inherit;line-height:inherit}.elementor-widget-heading .elementor-heading-title.elementor-size-small{font-size:15px}.elementor-widget-heading .elementor-heading-title.elementor-size-medium{font-size:19px}.elementor-widget-heading .elementor-heading-title.elementor-size-large{font-size:29px}.elementor-widget-heading .elementor-heading-title.elementor-size-xl{font-size:39px}.elementor-widget-heading .elementor-heading-title.elementor-size-xxl{font-size:59px}<\/style><h2 class=\"elementor-heading-title elementor-size-default\">Evente<\/h2>\t\t<\/div>\n\t\t\t\t<\/div>\n\t\t\t\t<\/div>\n\t\t<div class=\"elementor-element elementor-element-628fb41 e-flex e-con-boxed e-con e-parent\" data-id=\"628fb41\" data-element_type=\"container\" data-settings=\"{&quot;_ha_eqh_enable&quot;:false}\" data-core-v316-plus=\"true\">\n\t\t\t\t\t<div class=\"e-con-inner\">\n\t\t\t\t<div class=\"elementor-element elementor-element-d745cb0 elementor-grid-3 elementor-grid-tablet-2 elementor-grid-mobile-1 elementor-posts--thumbnail-top elementor-card-shadow-yes elementor-posts__hover-gradient elementor-widget elementor-widget-posts\" data-id=\"d745cb0\" data-element_type=\"widget\" data-settings=\"{&quot;cards_columns&quot;:&quot;3&quot;,&quot;cards_columns_tablet&quot;:&quot;2&quot;,&quot;cards_columns_mobile&quot;:&quot;1&quot;,&quot;cards_row_gap&quot;:{&quot;unit&quot;:&quot;px&quot;,&quot;size&quot;:35,&quot;sizes&quot;:[]},&quot;cards_row_gap_tablet&quot;:{&quot;unit&quot;:&quot;px&quot;,&quot;size&quot;:&quot;&quot;,&quot;sizes&quot;:[]},&quot;cards_row_gap_mobile&quot;:{&quot;unit&quot;:&quot;px&quot;,&quot;size&quot;:&quot;&quot;,&quot;sizes&quot;:[]}}\" data-widget_type=\"posts.cards\">\n\t\t\t\t<div class=\"elementor-widget-container\">\n\t\t\t<link rel=\"stylesheet\" href=\"https:\/\/pemaejetes.org.al\/wp-content\/plugins\/elementor-pro\/assets\/css\/widget-posts.min.css\">\t\t<div class=\"elementor-posts-container elementor-posts elementor-posts--skin-cards elementor-grid\">\n\t\t\t\t<article class=\"elementor-post elementor-grid-item post-1943 post type-post status-publish format-standard has-post-thumbnail hentry category-aktivitete category-evente category-lajme category-publikime\">\n\t\t\t<div class=\"elementor-post__card\">\n\t\t\t\t<a class=\"elementor-post__thumbnail__link\" href=\"http:\/\/pemaejetes.org.al\/index.php\/2025\/06\/04\/transformimi-i-kujdesit-shendetesor-per-sklerozen-multiple-ne-shqiperi\/\" ><div class=\"elementor-post__thumbnail\"><img fetchpriority=\"high\" decoding=\"async\" width=\"225\" height=\"300\" src=\"http:\/\/pemaejetes.org.al\/wp-content\/uploads\/2025\/06\/503716509_690455540418098_7752877160394166899_n-1-225x300.jpg\" class=\"attachment-medium size-medium wp-image-1944\" alt=\"\" srcset=\"http:\/\/pemaejetes.org.al\/wp-content\/uploads\/2025\/06\/503716509_690455540418098_7752877160394166899_n-1-225x300.jpg 225w, http:\/\/pemaejetes.org.al\/wp-content\/uploads\/2025\/06\/503716509_690455540418098_7752877160394166899_n-1-768x1024.jpg 768w, http:\/\/pemaejetes.org.al\/wp-content\/uploads\/2025\/06\/503716509_690455540418098_7752877160394166899_n-1-1152x1536.jpg 1152w, http:\/\/pemaejetes.org.al\/wp-content\/uploads\/2025\/06\/503716509_690455540418098_7752877160394166899_n-1.jpg 1200w\" sizes=\"(max-width: 225px) 100vw, 225px\" \/><\/div><\/a>\n\t\t\t\t<div class=\"elementor-post__text\">\n\t\t\t\t<h3 class=\"elementor-post__title\">\n\t\t\t<a href=\"http:\/\/pemaejetes.org.al\/index.php\/2025\/06\/04\/transformimi-i-kujdesit-shendetesor-per-sklerozen-multiple-ne-shqiperi\/\" >\n\t\t\t\tTransformimi i Kujdesit Sh\u00ebndet\u00ebsor p\u00ebr Skleroz\u00ebn Multiple n\u00eb Shqip\u00ebri\t\t\t<\/a>\n\t\t<\/h3>\n\t\t\t\t<\/div>\n\t\t\t\t\t<\/div>\n\t\t<\/article>\n\t\t\t\t<article class=\"elementor-post elementor-grid-item post-1691 post type-post status-publish format-standard has-post-thumbnail hentry category-aktivitete category-evente\">\n\t\t\t<div class=\"elementor-post__card\">\n\t\t\t\t<a class=\"elementor-post__thumbnail__link\" href=\"http:\/\/pemaejetes.org.al\/index.php\/2024\/10\/27\/ngjyrat-e-shendetit-arti-i-vogelusheve-qe-ndricoi-mesazhin-per-nje-jete-te-shendetshme\/\" ><div class=\"elementor-post__thumbnail\"><img decoding=\"async\" width=\"200\" height=\"300\" src=\"http:\/\/pemaejetes.org.al\/wp-content\/uploads\/2024\/10\/IMG_9828-1-200x300.jpg\" class=\"attachment-medium size-medium wp-image-1759\" alt=\"\" srcset=\"http:\/\/pemaejetes.org.al\/wp-content\/uploads\/2024\/10\/IMG_9828-1-200x300.jpg 200w, http:\/\/pemaejetes.org.al\/wp-content\/uploads\/2024\/10\/IMG_9828-1-683x1024.jpg 683w, http:\/\/pemaejetes.org.al\/wp-content\/uploads\/2024\/10\/IMG_9828-1-768x1152.jpg 768w, http:\/\/pemaejetes.org.al\/wp-content\/uploads\/2024\/10\/IMG_9828-1-1024x1536.jpg 1024w, http:\/\/pemaejetes.org.al\/wp-content\/uploads\/2024\/10\/IMG_9828-1-1365x2048.jpg 1365w, http:\/\/pemaejetes.org.al\/wp-content\/uploads\/2024\/10\/IMG_9828-1-scaled.jpg 1707w\" sizes=\"(max-width: 200px) 100vw, 200px\" \/><\/div><\/a>\n\t\t\t\t<div class=\"elementor-post__text\">\n\t\t\t\t<h3 class=\"elementor-post__title\">\n\t\t\t<a href=\"http:\/\/pemaejetes.org.al\/index.php\/2024\/10\/27\/ngjyrat-e-shendetit-arti-i-vogelusheve-qe-ndricoi-mesazhin-per-nje-jete-te-shendetshme\/\" >\n\t\t\t\tNgjyrat e sh\u00ebndetit: &#8220;Arti i vog\u00eblush\u00ebve q\u00eb ndri\u00e7oi mesazhin p\u00ebr nj\u00eb jet\u00eb t\u00eb sh\u00ebndetshme&#8221;\t\t\t<\/a>\n\t\t<\/h3>\n\t\t\t\t<\/div>\n\t\t\t\t\t<\/div>\n\t\t<\/article>\n\t\t\t\t<article class=\"elementor-post elementor-grid-item post-1590 post type-post status-publish format-standard has-post-thumbnail hentry category-aktivitete category-evente\">\n\t\t\t<div class=\"elementor-post__card\">\n\t\t\t\t<a class=\"elementor-post__thumbnail__link\" href=\"http:\/\/pemaejetes.org.al\/index.php\/2024\/10\/14\/sarande-zera-qe-sfidojne-sklerozen-multiple\/\" ><div class=\"elementor-post__thumbnail\"><img decoding=\"async\" width=\"300\" height=\"169\" src=\"http:\/\/pemaejetes.org.al\/wp-content\/uploads\/2024\/10\/IMG-20241012-WA0062-300x169.jpg\" class=\"attachment-medium size-medium wp-image-1649\" alt=\"\" srcset=\"http:\/\/pemaejetes.org.al\/wp-content\/uploads\/2024\/10\/IMG-20241012-WA0062-300x169.jpg 300w, http:\/\/pemaejetes.org.al\/wp-content\/uploads\/2024\/10\/IMG-20241012-WA0062-1024x576.jpg 1024w, http:\/\/pemaejetes.org.al\/wp-content\/uploads\/2024\/10\/IMG-20241012-WA0062-768x432.jpg 768w, http:\/\/pemaejetes.org.al\/wp-content\/uploads\/2024\/10\/IMG-20241012-WA0062-1536x864.jpg 1536w, http:\/\/pemaejetes.org.al\/wp-content\/uploads\/2024\/10\/IMG-20241012-WA0062.jpg 1600w\" sizes=\"(max-width: 300px) 100vw, 300px\" \/><\/div><\/a>\n\t\t\t\t<div class=\"elementor-post__text\">\n\t\t\t\t<h3 class=\"elementor-post__title\">\n\t\t\t<a href=\"http:\/\/pemaejetes.org.al\/index.php\/2024\/10\/14\/sarande-zera-qe-sfidojne-sklerozen-multiple\/\" >\n\t\t\t\tSarand\u00eb: &#8220;Z\u00ebra q\u00eb sfidojn\u00eb skleroz\u00ebn multiple\t\t\t<\/a>\n\t\t<\/h3>\n\t\t\t\t<\/div>\n\t\t\t\t\t<\/div>\n\t\t<\/article>\n\t\t\t\t<article class=\"elementor-post elementor-grid-item post-1573 post type-post status-publish format-standard has-post-thumbnail hentry category-aktivitete category-evente\">\n\t\t\t<div class=\"elementor-post__card\">\n\t\t\t\t<a class=\"elementor-post__thumbnail__link\" href=\"http:\/\/pemaejetes.org.al\/index.php\/2024\/09\/23\/fondacioni-pema-e-jetes-ne-ectrims-patient-community-day-ne-kopenhagen\/\" ><div class=\"elementor-post__thumbnail\"><img loading=\"lazy\" decoding=\"async\" width=\"300\" height=\"223\" src=\"http:\/\/pemaejetes.org.al\/wp-content\/uploads\/2024\/09\/21-300x223.jpg\" class=\"attachment-medium size-medium wp-image-1578\" alt=\"\" srcset=\"http:\/\/pemaejetes.org.al\/wp-content\/uploads\/2024\/09\/21-300x223.jpg 300w, http:\/\/pemaejetes.org.al\/wp-content\/uploads\/2024\/09\/21.jpg 327w\" sizes=\"(max-width: 300px) 100vw, 300px\" \/><\/div><\/a>\n\t\t\t\t<div class=\"elementor-post__text\">\n\t\t\t\t<h3 class=\"elementor-post__title\">\n\t\t\t<a href=\"http:\/\/pemaejetes.org.al\/index.php\/2024\/09\/23\/fondacioni-pema-e-jetes-ne-ectrims-patient-community-day-ne-kopenhagen\/\" >\n\t\t\t\tFondacioni Pema e Jet\u00ebs n\u00eb ECTRIMS Patient Community Day n\u00eb Kopenhagen\t\t\t<\/a>\n\t\t<\/h3>\n\t\t\t\t<\/div>\n\t\t\t\t\t<\/div>\n\t\t<\/article>\n\t\t\t\t<article class=\"elementor-post elementor-grid-item post-1553 post type-post status-publish format-standard has-post-thumbnail hentry category-aktivitete category-evente\">\n\t\t\t<div class=\"elementor-post__card\">\n\t\t\t\t<a class=\"elementor-post__thumbnail__link\" href=\"http:\/\/pemaejetes.org.al\/index.php\/2024\/08\/08\/nuk-i-dorezohem-sklerozes-multiple-shiroke\/\" ><div class=\"elementor-post__thumbnail\"><img loading=\"lazy\" decoding=\"async\" width=\"300\" height=\"300\" src=\"http:\/\/pemaejetes.org.al\/wp-content\/uploads\/2024\/08\/FB_IMG_1723117830301-300x300.jpg\" class=\"attachment-medium size-medium wp-image-1556\" alt=\"\" srcset=\"http:\/\/pemaejetes.org.al\/wp-content\/uploads\/2024\/08\/FB_IMG_1723117830301-300x300.jpg 300w, http:\/\/pemaejetes.org.al\/wp-content\/uploads\/2024\/08\/FB_IMG_1723117830301-1024x1024.jpg 1024w, http:\/\/pemaejetes.org.al\/wp-content\/uploads\/2024\/08\/FB_IMG_1723117830301-150x150.jpg 150w, http:\/\/pemaejetes.org.al\/wp-content\/uploads\/2024\/08\/FB_IMG_1723117830301-768x768.jpg 768w, http:\/\/pemaejetes.org.al\/wp-content\/uploads\/2024\/08\/FB_IMG_1723117830301.jpg 1080w\" sizes=\"(max-width: 300px) 100vw, 300px\" \/><\/div><\/a>\n\t\t\t\t<div class=\"elementor-post__text\">\n\t\t\t\t<h3 class=\"elementor-post__title\">\n\t\t\t<a href=\"http:\/\/pemaejetes.org.al\/index.php\/2024\/08\/08\/nuk-i-dorezohem-sklerozes-multiple-shiroke\/\" >\n\t\t\t\tNuk i dor\u00ebzohem Skleroz\u00ebs Multiple, Shirok\u00eb\t\t\t<\/a>\n\t\t<\/h3>\n\t\t\t\t<\/div>\n\t\t\t\t\t<\/div>\n\t\t<\/article>\n\t\t\t\t<article class=\"elementor-post elementor-grid-item post-1440 post type-post status-publish format-standard has-post-thumbnail hentry category-aktivitete category-evente tag-multiplesclerosis tag-pemaejetes tag-sklerozamultiple\">\n\t\t\t<div class=\"elementor-post__card\">\n\t\t\t\t<a class=\"elementor-post__thumbnail__link\" href=\"http:\/\/pemaejetes.org.al\/index.php\/2024\/06\/02\/edhe-une-jam-me-skleroze-multiple-takimi-ndergjegjesues-nga-fondacioni-pema-e-jetes\/\" ><div class=\"elementor-post__thumbnail\"><img loading=\"lazy\" decoding=\"async\" width=\"300\" height=\"200\" src=\"http:\/\/pemaejetes.org.al\/wp-content\/uploads\/2024\/06\/20240530_Ample-31-300x200.jpg\" class=\"attachment-medium size-medium wp-image-1443\" alt=\"\" srcset=\"http:\/\/pemaejetes.org.al\/wp-content\/uploads\/2024\/06\/20240530_Ample-31-300x200.jpg 300w, http:\/\/pemaejetes.org.al\/wp-content\/uploads\/2024\/06\/20240530_Ample-31-1024x683.jpg 1024w, http:\/\/pemaejetes.org.al\/wp-content\/uploads\/2024\/06\/20240530_Ample-31-768x512.jpg 768w, http:\/\/pemaejetes.org.al\/wp-content\/uploads\/2024\/06\/20240530_Ample-31-1536x1024.jpg 1536w, http:\/\/pemaejetes.org.al\/wp-content\/uploads\/2024\/06\/20240530_Ample-31-2048x1365.jpg 2048w\" sizes=\"(max-width: 300px) 100vw, 300px\" \/><\/div><\/a>\n\t\t\t\t<div class=\"elementor-post__text\">\n\t\t\t\t<h3 class=\"elementor-post__title\">\n\t\t\t<a href=\"http:\/\/pemaejetes.org.al\/index.php\/2024\/06\/02\/edhe-une-jam-me-skleroze-multiple-takimi-ndergjegjesues-nga-fondacioni-pema-e-jetes\/\" >\n\t\t\t\t\u201cEdhe Un\u00eb Jam me Skleroz\u00eb Multiple\u201d &#8211; Takimi nd\u00ebrgjegj\u00ebsues nga Fondacioni &#8221;Pema e Jetes&#8221;\t\t\t<\/a>\n\t\t<\/h3>\n\t\t\t\t<\/div>\n\t\t\t\t\t<\/div>\n\t\t<\/article>\n\t\t\t\t<article class=\"elementor-post elementor-grid-item post-1411 post type-post status-publish format-standard has-post-thumbnail hentry category-aktivitete category-evente\">\n\t\t\t<div class=\"elementor-post__card\">\n\t\t\t\t<a class=\"elementor-post__thumbnail__link\" href=\"http:\/\/pemaejetes.org.al\/index.php\/2024\/05\/18\/dita-nderkombetare-e-sklerozes-multiple\/\" ><div class=\"elementor-post__thumbnail\"><img loading=\"lazy\" decoding=\"async\" width=\"300\" height=\"300\" src=\"http:\/\/pemaejetes.org.al\/wp-content\/uploads\/2024\/05\/84e2072a-29dd-45e7-97cd-fb6382bd2b70-300x300.webp\" class=\"attachment-medium size-medium wp-image-1412\" alt=\"\" srcset=\"http:\/\/pemaejetes.org.al\/wp-content\/uploads\/2024\/05\/84e2072a-29dd-45e7-97cd-fb6382bd2b70-300x300.webp 300w, http:\/\/pemaejetes.org.al\/wp-content\/uploads\/2024\/05\/84e2072a-29dd-45e7-97cd-fb6382bd2b70-150x150.webp 150w, http:\/\/pemaejetes.org.al\/wp-content\/uploads\/2024\/05\/84e2072a-29dd-45e7-97cd-fb6382bd2b70-768x768.webp 768w, http:\/\/pemaejetes.org.al\/wp-content\/uploads\/2024\/05\/84e2072a-29dd-45e7-97cd-fb6382bd2b70.webp 1024w\" sizes=\"(max-width: 300px) 100vw, 300px\" \/><\/div><\/a>\n\t\t\t\t<div class=\"elementor-post__text\">\n\t\t\t\t<h3 class=\"elementor-post__title\">\n\t\t\t<a href=\"http:\/\/pemaejetes.org.al\/index.php\/2024\/05\/18\/dita-nderkombetare-e-sklerozes-multiple\/\" >\n\t\t\t\tDita Nd\u00ebrkomb\u00ebtare e Skleroz\u00ebs Multiple!\t\t\t<\/a>\n\t\t<\/h3>\n\t\t\t\t<\/div>\n\t\t\t\t\t<\/div>\n\t\t<\/article>\n\t\t\t\t<article class=\"elementor-post elementor-grid-item post-1176 post type-post status-publish format-standard has-post-thumbnail hentry category-aktivitete category-evente\">\n\t\t\t<div class=\"elementor-post__card\">\n\t\t\t\t<a class=\"elementor-post__thumbnail__link\" href=\"http:\/\/pemaejetes.org.al\/index.php\/2024\/05\/10\/formohet-rrjeti-i-organizatave-te-tiranes-the-network-of-organizations-in-tirana-is-formed\/\" ><div class=\"elementor-post__thumbnail\"><img loading=\"lazy\" decoding=\"async\" width=\"146\" height=\"300\" src=\"http:\/\/pemaejetes.org.al\/wp-content\/uploads\/2024\/05\/9-146x300.jpg\" class=\"attachment-medium size-medium wp-image-1180\" alt=\"\" srcset=\"http:\/\/pemaejetes.org.al\/wp-content\/uploads\/2024\/05\/9-146x300.jpg 146w, http:\/\/pemaejetes.org.al\/wp-content\/uploads\/2024\/05\/9-498x1024.jpg 498w, http:\/\/pemaejetes.org.al\/wp-content\/uploads\/2024\/05\/9-768x1579.jpg 768w, http:\/\/pemaejetes.org.al\/wp-content\/uploads\/2024\/05\/9-747x1536.jpg 747w, http:\/\/pemaejetes.org.al\/wp-content\/uploads\/2024\/05\/9.jpg 996w\" sizes=\"(max-width: 146px) 100vw, 146px\" \/><\/div><\/a>\n\t\t\t\t<div class=\"elementor-post__text\">\n\t\t\t\t<h3 class=\"elementor-post__title\">\n\t\t\t<a href=\"http:\/\/pemaejetes.org.al\/index.php\/2024\/05\/10\/formohet-rrjeti-i-organizatave-te-tiranes-the-network-of-organizations-in-tirana-is-formed\/\" >\n\t\t\t\tFormohet rrjeti i Organizatave te Tiranes \/ The network of organizations in Tirana is formed\t\t\t<\/a>\n\t\t<\/h3>\n\t\t\t\t<\/div>\n\t\t\t\t\t<\/div>\n\t\t<\/article>\n\t\t\t\t<article class=\"elementor-post elementor-grid-item post-1138 post type-post status-publish format-standard has-post-thumbnail hentry category-aktivitete category-evente\">\n\t\t\t<div class=\"elementor-post__card\">\n\t\t\t\t<a class=\"elementor-post__thumbnail__link\" href=\"http:\/\/pemaejetes.org.al\/index.php\/2024\/05\/10\/bashkimi-per-ndryshim-nje-dite-frymezimi-per-te-jetuar-me-sklerozen-multiple-ne-shqiperi\/\" ><div class=\"elementor-post__thumbnail\"><img loading=\"lazy\" decoding=\"async\" width=\"300\" height=\"225\" src=\"http:\/\/pemaejetes.org.al\/wp-content\/uploads\/2024\/05\/WhatsApp-Image-2024-04-28-at-1.28.23-PM-4-300x225.jpeg\" class=\"attachment-medium size-medium wp-image-1145\" alt=\"\" srcset=\"http:\/\/pemaejetes.org.al\/wp-content\/uploads\/2024\/05\/WhatsApp-Image-2024-04-28-at-1.28.23-PM-4-300x225.jpeg 300w, http:\/\/pemaejetes.org.al\/wp-content\/uploads\/2024\/05\/WhatsApp-Image-2024-04-28-at-1.28.23-PM-4-1024x768.jpeg 1024w, http:\/\/pemaejetes.org.al\/wp-content\/uploads\/2024\/05\/WhatsApp-Image-2024-04-28-at-1.28.23-PM-4-768x576.jpeg 768w, http:\/\/pemaejetes.org.al\/wp-content\/uploads\/2024\/05\/WhatsApp-Image-2024-04-28-at-1.28.23-PM-4.jpeg 1080w\" sizes=\"(max-width: 300px) 100vw, 300px\" \/><\/div><\/a>\n\t\t\t\t<div class=\"elementor-post__text\">\n\t\t\t\t<h3 class=\"elementor-post__title\">\n\t\t\t<a href=\"http:\/\/pemaejetes.org.al\/index.php\/2024\/05\/10\/bashkimi-per-ndryshim-nje-dite-frymezimi-per-te-jetuar-me-sklerozen-multiple-ne-shqiperi\/\" >\n\t\t\t\t&#8220;Bashkimi p\u00ebr Ndryshim: Nj\u00eb Dit\u00eb frym\u00ebzimi p\u00ebr t\u00eb jetuar me Skleroz\u00ebn Multiple n\u00eb Shqip\u00ebri&#8221;\t\t\t<\/a>\n\t\t<\/h3>\n\t\t\t\t<\/div>\n\t\t\t\t\t<\/div>\n\t\t<\/article>\n\t\t\t\t<\/div>\n\t\t\n\t\t\t\t<\/div>\n\t\t\t\t<\/div>\n\t\t\t\t\t<\/div>\n\t\t\t\t<\/div>\n\t\t\t\t<\/div>\n\t\t","protected":false},"excerpt":{"rendered":"","protected":false},"author":1,"featured_media":0,"parent":0,"menu_order":0,"comment_status":"closed","ping_status":"closed","template":"elementor_header_footer","meta":{"footnotes":""},"class_list":["post-969","page","type-page","status-publish","hentry"],"acf":[],"yoast_head":"<!-- This site is optimized with the Yoast SEO plugin v22.6 - https:\/\/yoast.com\/wordpress\/plugins\/seo\/ -->\n<title>Evente - Pema e Jetes<\/title>\n<meta name=\"robots\" content=\"index, follow, max-snippet:-1, max-image-preview:large, max-video-preview:-1\" \/>\n<link rel=\"canonical\" href=\"https:\/\/pemaejetes.org.al\/index.php\/evente\/\" \/>\n<meta property=\"og:locale\" content=\"en_US\" \/>\n<meta property=\"og:type\" content=\"article\" \/>\n<meta property=\"og:title\" content=\"Evente - Pema e Jetes\" \/>\n<meta property=\"og:url\" content=\"https:\/\/pemaejetes.org.al\/index.php\/evente\/\" \/>\n<meta property=\"og:site_name\" content=\"Pema e Jetes\" \/>\n<meta property=\"article:modified_time\" content=\"2024-05-05T22:04:01+00:00\" \/>\n<meta name=\"twitter:card\" content=\"summary_large_image\" \/>\n<script type=\"application\/ld+json\" class=\"yoast-schema-graph\">{\"@context\":\"https:\/\/schema.org\",\"@graph\":[{\"@type\":\"WebPage\",\"@id\":\"https:\/\/pemaejetes.org.al\/index.php\/evente\/\",\"url\":\"https:\/\/pemaejetes.org.al\/index.php\/evente\/\",\"name\":\"Evente - Pema e Jetes\",\"isPartOf\":{\"@id\":\"https:\/\/pemaejetes.org.al\/#website\"},\"datePublished\":\"2024-05-05T21:53:44+00:00\",\"dateModified\":\"2024-05-05T22:04:01+00:00\",\"breadcrumb\":{\"@id\":\"https:\/\/pemaejetes.org.al\/index.php\/evente\/#breadcrumb\"},\"inLanguage\":\"en-US\",\"potentialAction\":[{\"@type\":\"ReadAction\",\"target\":[\"https:\/\/pemaejetes.org.al\/index.php\/evente\/\"]}]},{\"@type\":\"BreadcrumbList\",\"@id\":\"https:\/\/pemaejetes.org.al\/index.php\/evente\/#breadcrumb\",\"itemListElement\":[{\"@type\":\"ListItem\",\"position\":1,\"name\":\"Home\",\"item\":\"https:\/\/pemaejetes.org.al\/\"},{\"@type\":\"ListItem\",\"position\":2,\"name\":\"Evente\"}]},{\"@type\":\"WebSite\",\"@id\":\"https:\/\/pemaejetes.org.al\/#website\",\"url\":\"https:\/\/pemaejetes.org.al\/\",\"name\":\"Pema e Jetes\",\"description\":\"\",\"publisher\":{\"@id\":\"https:\/\/pemaejetes.org.al\/#organization\"},\"potentialAction\":[{\"@type\":\"SearchAction\",\"target\":{\"@type\":\"EntryPoint\",\"urlTemplate\":\"https:\/\/pemaejetes.org.al\/?s={search_term_string}\"},\"query-input\":\"required name=search_term_string\"}],\"inLanguage\":\"en-US\"},{\"@type\":\"Organization\",\"@id\":\"https:\/\/pemaejetes.org.al\/#organization\",\"name\":\"Pema e Jetes\",\"url\":\"https:\/\/pemaejetes.org.al\/\",\"logo\":{\"@type\":\"ImageObject\",\"inLanguage\":\"en-US\",\"@id\":\"https:\/\/pemaejetes.org.al\/#\/schema\/logo\/image\/\",\"url\":\"http:\/\/pemaejetes.org.al\/wp-content\/uploads\/2024\/04\/LOGO-Pema-e-Jetes-pdf_page-0002-e1712155546269.jpg\",\"contentUrl\":\"http:\/\/pemaejetes.org.al\/wp-content\/uploads\/2024\/04\/LOGO-Pema-e-Jetes-pdf_page-0002-e1712155546269.jpg\",\"width\":657,\"height\":610,\"caption\":\"Pema e Jetes\"},\"image\":{\"@id\":\"https:\/\/pemaejetes.org.al\/#\/schema\/logo\/image\/\"}}]}<\/script>\n<!-- \/ Yoast SEO plugin. -->","yoast_head_json":{"title":"Evente - Pema e Jetes","robots":{"index":"index","follow":"follow","max-snippet":"max-snippet:-1","max-image-preview":"max-image-preview:large","max-video-preview":"max-video-preview:-1"},"canonical":"https:\/\/pemaejetes.org.al\/index.php\/evente\/","og_locale":"en_US","og_type":"article","og_title":"Evente - Pema e Jetes","og_url":"https:\/\/pemaejetes.org.al\/index.php\/evente\/","og_site_name":"Pema e Jetes","article_modified_time":"2024-05-05T22:04:01+00:00","twitter_card":"summary_large_image","schema":{"@context":"https:\/\/schema.org","@graph":[{"@type":"WebPage","@id":"https:\/\/pemaejetes.org.al\/index.php\/evente\/","url":"https:\/\/pemaejetes.org.al\/index.php\/evente\/","name":"Evente - Pema e Jetes","isPartOf":{"@id":"https:\/\/pemaejetes.org.al\/#website"},"datePublished":"2024-05-05T21:53:44+00:00","dateModified":"2024-05-05T22:04:01+00:00","breadcrumb":{"@id":"https:\/\/pemaejetes.org.al\/index.php\/evente\/#breadcrumb"},"inLanguage":"en-US","potentialAction":[{"@type":"ReadAction","target":["https:\/\/pemaejetes.org.al\/index.php\/evente\/"]}]},{"@type":"BreadcrumbList","@id":"https:\/\/pemaejetes.org.al\/index.php\/evente\/#breadcrumb","itemListElement":[{"@type":"ListItem","position":1,"name":"Home","item":"https:\/\/pemaejetes.org.al\/"},{"@type":"ListItem","position":2,"name":"Evente"}]},{"@type":"WebSite","@id":"https:\/\/pemaejetes.org.al\/#website","url":"https:\/\/pemaejetes.org.al\/","name":"Pema e Jetes","description":"","publisher":{"@id":"https:\/\/pemaejetes.org.al\/#organization"},"potentialAction":[{"@type":"SearchAction","target":{"@type":"EntryPoint","urlTemplate":"https:\/\/pemaejetes.org.al\/?s={search_term_string}"},"query-input":"required name=search_term_string"}],"inLanguage":"en-US"},{"@type":"Organization","@id":"https:\/\/pemaejetes.org.al\/#organization","name":"Pema e Jetes","url":"https:\/\/pemaejetes.org.al\/","logo":{"@type":"ImageObject","inLanguage":"en-US","@id":"https:\/\/pemaejetes.org.al\/#\/schema\/logo\/image\/","url":"http:\/\/pemaejetes.org.al\/wp-content\/uploads\/2024\/04\/LOGO-Pema-e-Jetes-pdf_page-0002-e1712155546269.jpg","contentUrl":"http:\/\/pemaejetes.org.al\/wp-content\/uploads\/2024\/04\/LOGO-Pema-e-Jetes-pdf_page-0002-e1712155546269.jpg","width":657,"height":610,"caption":"Pema e Jetes"},"image":{"@id":"https:\/\/pemaejetes.org.al\/#\/schema\/logo\/image\/"}}]}},"_links":{"self":[{"href":"http:\/\/pemaejetes.org.al\/index.php\/wp-json\/wp\/v2\/pages\/969","targetHints":{"allow":["GET"]}}],"collection":[{"href":"http:\/\/pemaejetes.org.al\/index.php\/wp-json\/wp\/v2\/pages"}],"about":[{"href":"http:\/\/pemaejetes.org.al\/index.php\/wp-json\/wp\/v2\/types\/page"}],"author":[{"embeddable":true,"href":"http:\/\/pemaejetes.org.al\/index.php\/wp-json\/wp\/v2\/users\/1"}],"replies":[{"embeddable":true,"href":"http:\/\/pemaejetes.org.al\/index.php\/wp-json\/wp\/v2\/comments?post=969"}],"version-history":[{"count":7,"href":"http:\/\/pemaejetes.org.al\/index.php\/wp-json\/wp\/v2\/pages\/969\/revisions"}],"predecessor-version":[{"id":979,"href":"http:\/\/pemaejetes.org.al\/index.php\/wp-json\/wp\/v2\/pages\/969\/revisions\/979"}],"wp:attachment":[{"href":"http:\/\/pemaejetes.org.al\/index.php\/wp-json\/wp\/v2\/media?parent=969"}],"curies":[{"name":"wp","href":"https:\/\/api.w.org\/{rel}","templated":true}]}}